en 4161265 is divided by 145?
55
Calculate the remainder when 10856515 is divided by 38.
29
What is the remainder when 365362 is divided by 783?
484
What is the remainder when 6584980 is divided by 598629?
61
What is the remainder when 5175399 is divided by 669?
15
What is the remainder when 11979787 is divided by 798649?
52
Calculate the remainder when 417824 is divided by 426.
344
What is the remainder when 3540318 is divided by 763?
761
What is the remainder when 2546117 is divided by 2402?
2399
Calculate the remainder when 354580 is divided by 640.
20
What is the remainder when 86313 is divided by 1524?
969
Calculate the remainder when 4588376 is divided by 1911.
65
What is the remainder when 333164 is divided by 19589?
151
Calculate the remainder when 43461840 is divided by 165.
15
Calculate the remainder when 982645 is divided by 89096.
2589
Calculate the remainder when 394555 is divided by 44.
7
Calculate the remainder when 10175 is divided by 4487.
1201
Calculate the remainder when 421100 is divided by 1473.
1295
Calculate the remainder when 692322 is divided by 1570.
1522
Calculate the remainder when 2426354 is divided by 1213115.
124
What is the remainder when 7174830 is divided by 752?
750
Calculate the remainder when 23169 is divided by 11541.
87
What is the remainder when 22844 is divided by 11100?
644
What is the remainder when 481872 is divided by 1113?
1056
What is the remainder when 2133935 is divided by 4589?
50
Calculate the remainder when 3315284 is divided by 759.
731
What is the remainder when 214326 is divided by 106887?
552
What is the remainder when 11792096 is divided by 187176?
8
What is the remainder when 485741 is divided by 242823?
95
Calculate the remainder when 12011018 is divided by 1411.
586
Calculate the remainder when 1361829873 is divided by 66.
63
Calculate the remainder when 4649812 is divided by 69.
40
What is the remainder when 4428861 is divided by 166?
147
What is the remainder when 18213 is divided by 13616?
4597
What is the remainder when 245510 is divided by 2049?
1679
What is the remainder when 879202 is divided by 8369?
457
What is the remainder when 20813 is divided by 912?
749
Calculate the remainder when 104424138 is divided by 499637.
5
What is the remainder when 216740977 is divided by 2?
1
Calculate the remainder when 4336408 is divided by 23063.
564
Calculate the remainder when 63570 is divided by 61223.
2347
Calculate the remainder when 43941477 is divided by 926.
925
What is the remainder when 6722463 is divided by 412?
271
What is the remainder when 221799 is divided by 18263?
2643
What is the remainder when 27038420 is divided by 298?
284
Calculate the remainder when 83055155 is divided by 297.
293
What is the remainder when 625509 is divided by 52114?
141
Calculate the remainder when 11394 is divided by 234.
162
Calculate the remainder when 2037384 is divided by 320.
264
What is the remainder when 19900 is divided by 1297?
445
Calculate the remainder when 667797 is divided by 10423.
725
Calculate the remainder when 4546062 is divided by 73.
60
What is the remainder when 3056899 is divided by 44?
43
Calculate the remainder when 5014709 is divided by 13.
11
Calculate the remainder when 57594 is divided by 7905.
2259
What is the remainder when 27764508 is divided by 925483?
18
Calculate the remainder when 230864 is divided by 3552.
3536
Calculate the remainder when 471190 is divided by 509.
365
Calculate the remainder when 481880950 is divided by 24.
22
What is the remainder when 135212 is divided by 66000?
3212
Calculate the remainder when 200485 is divided by 50096.
101
What is the remainder when 73952 is divided by 73434?
518
Calculate the remainder when 27282079 is divided by 32.
31
What is the remainder when 7703846 is divided by 1925?
1921
What is the remainder when 406762 is divided by 92?
30
Calculate the remainder when 2588245 is divided by 373.
371
What is the remainder when 182815 is divided by 152?
111
Calculate the remainder when 648945 is divided by 216315.
0
Calculate the remainder when 65685616 is divided by 1086.
1078
Calculate the remainder when 87030 is divided by 380.
10
What is the remainder when 5502723 is divided by 16?
3
Calculate the remainder when 416421 is divided by 70.
61
Calculate the remainder when 311324 is divided by 632.
380
Calculate the remainder when 38700 is divided by 38411.
289
Calculate the remainder when 143035815 is divided by 712.
711
Calculate the remainder when 4032796 is divided by 4032751.
45
Calculate the remainder when 3125164 is divided by 146.
34
Calculate the remainder when 264343 is divided by 44033.
145
What is the remainder when 50580 is divided by 219?
210
What is the remainder when 310058 is divided by 1550?
58
What is the remainder when 39219785 is divided by 953?
23
Calculate the remainder when 7006604 is divided by 3466.
1818
Calculate the remainder when 17706209 is divided by 29.
27
Calculate the remainder when 2556175 is divided by 1932.
139
Calculate the remainder when 95333941 is divided by 1466676.
1
Calculate the remainder when 32967557 is divided by 2354825.
7
Calculate the remainder when 413060 is divided by 20331.
6440
Calculate the remainder when 251072 is divided by 4399.
329
Calculate the remainder when 132811 is divided by 132772.
39
What is the remainder when 58068 is divided by 3193?
594
Calculate the remainder when 283380 is divided by 2577.
2487
Calculate the remainder when 1731668 is divided by 1731636.
32
What is the remainder when 1079214073 is divided by 4366?
4363
What is the remainder when 855243 is divided by 1212?
783
What is the remainder when 98337 is divided by 44?
41
What is the remainder when 163141957 is divided by 643?
640
What is the remainder when 3953660 is divided by 624?
620
What is the remainder when 1253235 is divided by 69624?
3
What is the remainder when 5647565 is divided by 846?
515
Calculate the remainder when 3292910 is divided by 881.
613
What is the remainder when 418334 is divided by 59688?
518
Calculate the remainder when 10719693 is divided by 1928.
13
Calculate the remainder when 375839 is divided by 278.
261
What is the remainder when 28293997 is divided by 940?
937
What is the remainder when 2786665 is divided by 2111?
145
What is the remainder when 80323 is divided by 26556?
655
What is the remainder when 17941551 is divided by 71?
64
What is the remainder when 360516 is divided by 305?
6
Calculate the remainder when 1758789 is divided by 295.
294
What is the remainder when 292360756 is divided by 15?
1
What is the remainder when 2748359 is divided by 496?
23
What is the remainder when 591005 is divided by 2087?
384
What is the remainder when 1009833 is divided by 35?
13
What is the remainder when 8658175 is divided by 42?
1
What is the remainder when 2131747 is divided by 851?
843
Calculate the remainder when 8273329 is divided by 42.
1
What is the remainder when 15105 is divided by 1258?
9
What is the remainder when 225635 is divided by 112812?
11
What is the remainder when 188210 is divided by 2352?
50
Calculate the remainder when 4611460 is divided by 1537141.
37
What is the remainder when 263169 is divided by 3125?
669
What is the remainder when 23723 is divided by 1132?
1083
Calculate the remainder when 65018 is divided by 941.
89
What is the remainder when 25407 is divided by 23300?
2107
What is the remainder when 23629 is divided by 2992?
2685
What is the remainder when 37465002 is divided by 11207?
1
Calculate the remainder when 16064 is divided by 15829.
235
Calculate the remainder when 3028525 is divided by 10163.
10114
What is the remainder when 25610 is divided by 12585?
440
What is the remainder when 13917 is divided by 2725?
292
What is the remainder when 391106 is divided by 1034?
254
What is the remainder when 59150 is divided by 8368?
574
What is the remainder when 8015245 is divided by 1074?
1057
Calculate the remainder when 140180 is divided by 38.
36
What is the remainder when 949981 is divided by 196?
165
What is the remainder when 809542 is divided by 4850?
4442
Calculate the remainder when 3119393 is divided by 389900.
193
Calculate the remainder when 29324447 is divided by 456.
455
Calculate the remainder when 871269 is divided by 434717.
1835
W